[INFO] fetching crate faker 0.0.4...
[INFO] checking faker-0.0.4 against master#af3c6e733a40e671550e0f0f5aeecaa13772ba56 for pr-74989
[INFO] extracting crate faker 0.0.4 into /workspace/builds/worker-0/source
[INFO] validating manifest of crates.io crate faker 0.0.4 on toolchain af3c6e733a40e671550e0f0f5aeecaa13772ba56
[INFO] running `Command { std: "/workspace/cargo-home/bin/cargo" "+af3c6e733a40e671550e0f0f5aeecaa13772ba56" "read-manifest" "--manifest-path" "Cargo.toml", kill_on_drop: false }`
[INFO] started tweaking crates.io crate faker 0.0.4
[INFO] finished tweaking crates.io crate faker 0.0.4
[INFO] tweaked toml for crates.io crate faker 0.0.4 written to /workspace/builds/worker-0/source/Cargo.toml
[INFO] running `Command { std: "/workspace/cargo-home/bin/cargo" "+af3c6e733a40e671550e0f0f5aeecaa13772ba56" "generate-lockfile" "--manifest-path" "Cargo.toml" "-Zno-index-update", kill_on_drop: false }`
[INFO] running `Command { std: "/workspace/cargo-home/bin/cargo" "+af3c6e733a40e671550e0f0f5aeecaa13772ba56" "fetch" "--locked" "--manifest-path" "Cargo.toml", kill_on_drop: false }`
[INFO] running `Command { std: "docker" "create" "-v" "/var/lib/crater-agent-workspace/builds/worker-0/target:/opt/rustwide/target:rw,Z" "-v" "/var/lib/crater-agent-workspace/builds/worker-0/source:/opt/rustwide/workdir:ro,Z" "-v" "/var/lib/crater-agent-workspace/cargo-home:/opt/rustwide/cargo-home:ro,Z" "-v" "/var/lib/crater-agent-workspace/rustup-home:/opt/rustwide/rustup-home:ro,Z" "-e" "SOURCE_DIR=/opt/rustwide/workdir" "-e" "CARGO_TARGET_DIR=/opt/rustwide/target" "-e" "CARGO_HOME=/opt/rustwide/cargo-home" "-e" "RUSTUP_HOME=/opt/rustwide/rustup-home" "-w" "/opt/rustwide/workdir" "-m" "1610612736" "--user" "0:0" "--network" "none" "rustops/crates-build-env@sha256:d92eaeed33fa75130ca1ee6c8a01d1ffb62bac859dfdfb3450e3e5d1c0146529" "/opt/rustwide/cargo-home/bin/cargo" "+af3c6e733a40e671550e0f0f5aeecaa13772ba56" "metadata" "--no-deps" "--format-version=1", kill_on_drop: false }`
[INFO] [stdout] accd03645f4e6488f3a1db7a0257019013593958cff1cbb9ad1a4b5201aad6ef
[INFO] [stderr] WARNING: Your kernel does not support swap limit capabilities or the cgroup is not mounted. Memory limited without swap.
[INFO] running `Command { std: "docker" "start" "-a" "accd03645f4e6488f3a1db7a0257019013593958cff1cbb9ad1a4b5201aad6ef", kill_on_drop: false }`
[INFO] running `Command { std: "docker" "inspect" "accd03645f4e6488f3a1db7a0257019013593958cff1cbb9ad1a4b5201aad6ef", kill_on_drop: false }`
[INFO] running `Command { std: "docker" "rm" "-f" "accd03645f4e6488f3a1db7a0257019013593958cff1cbb9ad1a4b5201aad6ef", kill_on_drop: false }`
[INFO] [stdout] accd03645f4e6488f3a1db7a0257019013593958cff1cbb9ad1a4b5201aad6ef
[INFO] running `Command { std: "docker" "create" "-v" "/var/lib/crater-agent-workspace/builds/worker-0/target:/opt/rustwide/target:rw,Z" "-v" "/var/lib/crater-agent-workspace/builds/worker-0/source:/opt/rustwide/workdir:ro,Z" "-v" "/var/lib/crater-agent-workspace/cargo-home:/opt/rustwide/cargo-home:ro,Z" "-v" "/var/lib/crater-agent-workspace/rustup-home:/opt/rustwide/rustup-home:ro,Z" "-e" "SOURCE_DIR=/opt/rustwide/workdir" "-e" "CARGO_TARGET_DIR=/opt/rustwide/target" "-e" "CARGO_INCREMENTAL=0" "-e" "RUST_BACKTRACE=full" "-e" "RUSTFLAGS=--cap-lints=forbid" "-e" "CARGO_HOME=/opt/rustwide/cargo-home" "-e" "RUSTUP_HOME=/opt/rustwide/rustup-home" "-w" "/opt/rustwide/workdir" "-m" "1610612736" "--user" "0:0" "--network" "none" "rustops/crates-build-env@sha256:d92eaeed33fa75130ca1ee6c8a01d1ffb62bac859dfdfb3450e3e5d1c0146529" "/opt/rustwide/cargo-home/bin/cargo" "+af3c6e733a40e671550e0f0f5aeecaa13772ba56" "check" "--frozen" "--all" "--all-targets" "--message-format=json", kill_on_drop: false }`
[INFO] [stderr] WARNING: Your kernel does not support swap limit capabilities or the cgroup is not mounted. Memory limited without swap.
[INFO] [stdout] 6e0e10739616a3c967cbb53612279b9ca6f3a35b039f5a698bc5b7ce8d6ad12d
[INFO] running `Command { std: "docker" "start" "-a" "6e0e10739616a3c967cbb53612279b9ca6f3a35b039f5a698bc5b7ce8d6ad12d", kill_on_drop: false }`
[INFO] [stderr]    Compiling getrandom v0.1.15
[INFO] [stderr]     Checking ppv-lite86 v0.2.9
[INFO] [stderr]     Checking rand_core v0.5.1
[INFO] [stderr]     Checking rand_chacha v0.2.2
[INFO] [stderr]     Checking rand v0.7.3
[INFO] [stderr]     Checking faker v0.0.4 (/opt/rustwide/workdir)
[INFO] [stdout] error[E0432]: unresolved import `rand::Rand`
[INFO] [stdout]  --> src/helpers.rs:1:29
[INFO] [stdout]   |
[INFO] [stdout] 1 | use rand::{thread_rng, Rng, Rand};
[INFO] [stdout]   |                             ^^^^ no `Rand` in the root
[INFO] [stdout] 
[INFO] [stdout] 
[INFO] [stdout] error[E0432]: unresolved import `rand::distributions::range`
[INFO] [stdout]  --> src/helpers.rs:2:26
[INFO] [stdout]   |
[INFO] [stdout] 2 | use rand::distributions::range::SampleRange;
[INFO] [stdout]   |                          ^^^^^ could not find `range` in `distributions`
[INFO] [stdout] 
[INFO] [stdout] 
[INFO] [stdout] error: aborting due to 2 previous errors
[INFO] [stdout] 
[INFO] [stdout] 
[INFO] [stdout] For more information about this error, try `rustc --explain E0432`.
[INFO] [stdout] 
[INFO] [stderr] error: could not compile `faker`.
[INFO] [stderr] 
[INFO] [stderr] To learn more, run the command again with --verbose.
[INFO] [stderr] warning: build failed, waiting for other jobs to finish...
[INFO] [stdout] error[E0432]: unresolved import `rand::Rand`
[INFO] [stdout]  --> src/helpers.rs:1:29
[INFO] [stdout]   |
[INFO] [stdout] 1 | use rand::{thread_rng, Rng, Rand};
[INFO] [stdout]   |                             ^^^^ no `Rand` in the root
[INFO] [stdout] 
[INFO] [stdout] 
[INFO] [stdout] error[E0432]: unresolved import `rand::distributions::range`
[INFO] [stdout]  --> src/helpers.rs:2:26
[INFO] [stdout]   |
[INFO] [stdout] 2 | use rand::distributions::range::SampleRange;
[INFO] [stdout]   |                          ^^^^^ could not find `range` in `distributions`
[INFO] [stdout] 
[INFO] [stdout] 
[INFO] [stdout] error: aborting due to 2 previous errors
[INFO] [stdout] 
[INFO] [stdout] 
[INFO] [stdout] For more information about this error, try `rustc --explain E0432`.
[INFO] [stdout] 
[INFO] [stderr] error: build failed
[INFO] running `Command { std: "docker" "inspect" "6e0e10739616a3c967cbb53612279b9ca6f3a35b039f5a698bc5b7ce8d6ad12d", kill_on_drop: false }`
[INFO] running `Command { std: "docker" "rm" "-f" "6e0e10739616a3c967cbb53612279b9ca6f3a35b039f5a698bc5b7ce8d6ad12d", kill_on_drop: false }`
[INFO] [stdout] 6e0e10739616a3c967cbb53612279b9ca6f3a35b039f5a698bc5b7ce8d6ad12d
